k - 3*k + 21, q + 2*k = 9. Let w(f) = -f**2 - f + 15. Let i be w(0). Calculate the highest common divisor of q and i.
3
Let u be ((-114)/(-4))/((-6)/(-4)). Let p(v) = 5*v**2 - 5*v - 5. Let q be p(5). What is the greatest common factor of q and u?
19
Suppose -3*n - 15 = -5*x, -2*n - 12 = -3*x - 2. Let p(d) = -7*d + 1. Let i be p(n). What is the highest common divisor of 12 and i?
12
Let o be (0 - -2)*30/(-12). Let h be 35/(-14)*8/o. Calculate the greatest common factor of h and 4.
4
Let m be (-8)/6*4*(-15)/10. Let v = 94 + -6. Calculate the greatest common divisor of v and m.
8
Suppose 4*y = 5*p + 40, 3*y + 4*p - 7 = 2*p. Let o(g) = 2*g**2 + 7*g + 10. Let j be o(-6). Calculate the highest common factor of j and y.
5
Let m(t) = -3*t**3 + 2*t + 1. Let v be m(-1). Let u be (5/2)/((-3)/(-12)). Let j = u + -6. What is the greatest common divisor of v and j?
2
Suppose 4*s - 5*h - 49 = -1, -h = -5*s + 60. What is the greatest common divisor of s and 12?
12
Let l = -8 - -13. Calculate the highest common factor of 25 and l.
5
Let l(p) = 43*p + 5. Let v be l(-9). Let r = -229 - v. Calculate the greatest common divisor of 17 and r.
17
Let w be (-1 - 14/(-8))*112. Let c be ((-8)/(-4) - -1)*4. Calculate the greatest common divisor of w and c.
12
Suppose 0 = 2*t - 4*k - 4 - 64, -4*k + 76 = 2*t. What is the highest common divisor of 9 and t?
9
Let j = 283 - 162. Let z be 7/(-4) - 3/12. Let t be (11 - 0)*(-2)/z. What is the highest common divisor of j and t?
11
Let d(f) = 4*f + 4. Let l be d(-3). Let h be (1 - 0)*(-3 - l). Suppose -h*c = -40 - 15. Calculate the highest common divisor of c and 77.
11
Let i(o) = 6*o - 8. Let p be i(4). What is the highest common divisor of 64 and p?
16
Let j be 2/(-7) - 23/(-7). Let z = -25 + 44. Suppose 0 = 2*s + 1 - z. Calculate the greatest common factor of j and s.
3
Let t(h) = -h**2 + 6*h - 4. Let u be t(3). Let n be -1 + 5*18/15. Calculate the greatest common factor of n and u.
5
Suppose 0 = -r + 2*r - 60. Calculate the highest common factor of 15 and r.
15
Suppose 0*z + 2*z + 6 = m, -44 = -5*m + 3*z. Calculate the highest common divisor of 2 and m.
2
Let d be 3*23 + ((-24)/4 - -3). What is the greatest common divisor of 6 and d?
6
Let t(z) = -15*z - 42. Let o be t(-6). Calculate the greatest common factor of 12 and o.
12
Let h(p) = p**2 - 10*p + 9. Suppose 17 + 31 = 4*u. Let g be h(u). Calculate the highest common factor of 3 and g.
3
Suppose k = -3*t + 80, -3*t + 15 = -0. Let o = -8 + 75. Suppose -2*u - 5*g = u - 24, -4*u = -5*g - o. What is the greatest common divisor of u and k?
13
Let n be -1 - (1 - -1)*-4. Suppose 2*b = 3*u + n - 24, 0 = 5*u - 4*b - 31. Suppose u*a - 44 = -a. Calculate the greatest common divisor of 11 and a.
11
Suppose -2*n + 186 = 4*d, 2*d + d = 3*n - 234. Suppose 5*x + 3*s - n = 0, -s + 73 - 8 = 4*x. Calculate the greatest common divisor of x and 48.
16
Suppose 0 = 4*s + 5*p + 73, 3*s + 2*p + 47 = -13. Let w = s - -25. Calculate the greatest common divisor of w and 1.
1
Suppose 5*v + 780 = -0*v. Let i be (v/(-18))/(4/6). Calculate the highest common divisor of i and 52.
13
Let j(w) = -3*w - 10. Let r be j(-7). Calculate the highest common divisor of 11 and r.
11
Let u = -43 - -83. Calculate the highest common divisor of 8 and u.
8
Suppose 3*j - 2*p - 338 = 0, 14 = -4*p - 2. Suppose -x = 0, -j = -4*o - x - 2. Calculate the greatest common factor of o and 3.
3
Suppose l + 0*l - 2*t = 21, -3*l - t + 49 = 0. What is the highest common divisor of l and 1?
1
Let w(d) = 29*d**3 - 2*d**2 - d + 2. Let i be w(1). What is the greatest common divisor of 7 and i?
7
Suppose -1 = 4*s - 5. Let x be -1 - (-7)/s - -2. Let g = -106 + 107. Calculate the greatest common divisor of x and g.
1
Suppose m - 4 = 12. Calculate the greatest common divisor of m and 24.
8
Suppose 0*a = -4*a + 12. Suppose a*c = 60 + 156. What is the greatest common divisor of c and 12?
12
Let k = -341 - -505. Suppose -7*x + k = -116. What is the highest common divisor of x and 16?
8
Let l(b) = -14*b - 24. Let m be l(-3). What is the highest common divisor of m and 18?
18
Suppose -3*r + 4*z + 160 = 0, -4*r - 4*z + 128 = -r. Calculate the highest common factor of r and 168.
24
Let n = 2 - 1. Let m(d) = -1 + 2*d**2 - 2*d - n + 3 + d**3. Let g be m(2). What is the greatest common factor of 104 and g?
13
Let t(f) = f**3 + 8*f**2 + f - 9. Let w be t(-7). Calculate the highest common factor of w and 44.
11
Let s = 594 - 418. Calculate the greatest common divisor of 22 and s.
22
Suppose -n = -g - 0*g + 162, 498 = 3*g + n. Calculate the greatest common factor of g and 15.
15
Let m be (-28)/(-6)*(-6)/(-2). What is the highest common factor of 21 and m?
7
Let i(k) = k**2 - 4*k + 5. Let s be i(5). Suppose s*g = 5*g + 540. Let t = 164 - g. What is the greatest common factor of 7 and t?
7
Let q(z) = -z**3 - 6*z**2 - 11*z - 2. Let b be q(-5). What is the greatest common factor of b and 8?
4
Let j be 2 - (-22)/4*2. Suppose 3*w + j = 43. What is the greatest common factor of 110 and w?
10
Suppose -2*v - 4*c = 12, -c - 5 + 2 = -2*v. Let n(m) = 1 + m - 3*m + m + 12. Let y be n(v). What is the greatest common factor of 13 and y?
13
Suppose -97 = 2*s + 47. Let v be 2/10 + s/10. Let a = v - -31. Calculate the greatest common factor of a and 8.
8
Let x(c) = -c + 13. Let u be x(6). Let r(j) = 2*j**3 - 9*j**2 - 9*j + 2. Let l be r(u). What is the greatest common factor of l and 23?
23
Let t(n) = -n**2 + 2*n + 42. Let b be t(0). What is the highest common divisor of 28 and b?
14
Let v = -41 - -89. Calculate the highest common divisor of 6 and v.
6
Let o(y) = 0*y - 6*y - 3*y. Let k be o(-10). What is the greatest common divisor of 36 and k?
18
Let g(x) = x - 12. Let d be g(12). Let n be d/(-4) - 4*-5. What is the highest common factor of 60 and n?
20
Suppose -3*x + 6 + 372 = 0. What is the greatest common divisor of x and 14?
14
Let y(l) = l**2 + 2*l + 1. Let h be y(-6). Suppose q - 5*i = 3*q + 17, q = 4*i - 28. Let f = 26 + q. What is the highest common factor of f and h?
5
Suppose 224 - 24 = 5*i. Calculate the greatest common factor of 8 and i.
8
Let f(p) = p**2 - 3*p + 6. Suppose -4*a + 0 = 12. Let o = 7 + a. Let q be f(o). Calculate the greatest common factor of 5 and q.
5
Let o(z) = -9*z - 4. Let n be o(-10). What is the highest common factor of 43 and n?
43
Let r be 1*4 + -2 + 0. Suppose r*q + 45 = j - q, 0 = -5*q. Let u(p) = -6*p**3 + p**2 + 2*p. Let f be u(-1). Calculate the greatest common factor of j and f.
5
Suppose 5*r + 5 = 4*g - 5*g, 0 = -5*g - 3*r + 41. What is the greatest common divisor of g and 10?
10
Let h(w) = w**3 - 6*w**2 + 2*w - 7. Let k be h(6). Suppose -15 = -k*s + 2*s. Let v be s/(5/108) - 0. What is the greatest common divisor of 12 and v?
12
Suppose 0 = -3*t - v + 27, 2*t - 4*v + 28 = 4*t. Let b(p) = p**3 - 7*p**2 + 5*p - 8. Let a be b(t). What is the highest common divisor of a and 16?
16
Suppose 3 - 7 = -2*g. Suppose -p - 38 = -5*b + p, 2*p = -b - g. What is the highest common factor of 15 and b?
3
Let i be 1/(3/15) - -1. Let p(w) = w**2 + 6*w + 4. Let s be p(-6). Calculate the greatest common factor of s and i.
2
Let d(a) = a**2 + 7*a + 9. Let b be d(-8). Let s = -2 + 2. Suppose -2*u = -6, s*m + 5*u = 3*m - 240. What is the highest common factor of b and m?
17
Suppose 0 = 2*i - 9*i + 154. Suppose -10 = -3*a - 2*a. Calculate the greatest common divisor of i and a.
2
Suppose -8*r + 93 = -91. Calculate the greatest common factor of 207 and r.
23
Suppose 0 = 4*d - 70 + 14. Let j be (-6 + 8)/(4/d). Calculate the highest common divisor of 35 and j.
7
Suppose 3*b = -p - 4, -7 - 5 = -4*p - 5*b. Let x be ((-2)/p)/((-1)/4). What is the greatest common factor of x and 3?
1
Let t be (3/6 - 0)*6. Suppose -4*p = -n + 24, 0*p + t*p + 3 = -3*n. Suppose -n*s = 140 - 428. Calculate the greatest common divisor of s and 18.
18
Suppose 9*j - 10 = 4*j. Suppose -h + 4*s = -14, 3*s + 4 + 13 = 4*h. Calculate the greatest common divisor of j and h.
2
Suppose 0 = 11*o - 12*o + 34. What is the highest common factor of o and 34?
34
Let w = 9 + -10. Let o be 54*(-4 - -3)/w. Calculate the greatest common divisor of 36 and o.
18
Suppose -4*n - 12 = -40. Calculate the highest common divisor of 28 and n.
7
Let g = 92 - 4. What is the greatest common factor of g and 16?